se 15) in base 14?
335b
-130131 (base 4) to base 11
-1406
What is -21b0 (base 12) in base 6?
-25140
100110202 (base 3) to base 16
1af9
What is -210341 (base 5) in base 13?
-3233
5d3 (base 14) to base 7
3253
What is 11001101000010 (base 2) in base 3?
200000000
Convert 625 (base 10) to base 11.
519
-644c (base 16) to base 7
-134600
What is -a23 (base 11) in base 16?
-4d3
What is 6bf (base 16) in base 8?
3277
What is -101000110 (base 2) in base 9?
-402
Convert -3a4 (base 13) to base 5.
-10031
What is -21838 (base 9) in base 5?
-431114
Convert -3601 (base 10) to base 5.
-103401
-38251 (base 10) to base 6
-453031
Convert -3455 (base 6) to base 2.
-1100111011
Convert -1000000100 (base 2) to base 3.
-201010
Convert 33 (base 6) to base 8.
25
What is 99a (base 11) in base 2?
10010101110
Convert 23214 (base 6) to base 11.
2550
Convert -133b (base 14) to base 11.
-25a8
Convert 22212130 (base 4) to base 13.
169c0
What is 98d (base 14) in base 15?
85e
-30111 (base 5) to base 14
-9a2
-110000110 (base 2) to base 5
-3030
What is -16104 (base 7) in base 4?
-1012200
What is -1072 (base 10) in base 13?
-646
Convert -6cd1 (base 16) to base 13.
-c8ab
-4354 (base 7) to base 16
-616
-174 (base 13) to base 4
-10020
2200100112 (base 3) to base 6
1044105
Convert -1111101011100100 (base 2) to base 11.
-4428a
What is -5803 (base 9) in base 2?
-1000011001000
What is 460c (base 14) in base 15?
390e
What is -1107 (base 12) in base 14?
-983
11101011011001 (base 2) to base 16
3ad9
Convert 11100 (base 4) to base 2.
101010000
Convert -3756 (base 10) to base 14.
-1524
1 (base 13) to base 15
1
cbd8 (base 14) to base 11
24558
-444 (base 6) to base 16
-ac
35032 (base 6) to base 9
6752
-35223 (base 8) to base 12
-8817
Convert 98 (base 12) to base 5.
431
2 (base 14) to base 11
2
Convert 3332 (base 4) to base 12.
192
What is -c211 (base 13) in base 11?
-19088
-436 (base 13) to base 11
-5a6
Convert -111000101001 (base 2) to base 14.
-146d
What is -26d (base 16) in base 14?
-325
Convert -10412 (base 7) to base 6.
-20022
Convert 734 (base 13) to base 6.
5402
Convert -1557 (base 14) to base 6.
-25333
10000012 (base 3) to base 5
32232
What is -6177 (base 9) in base 6?
-32541
-11 (base 12) to base 9
-14
-20440 (base 6) to base 9
-3706
Convert 1a042 (base 11) to base 2.
110110101011101
What is 114212 (base 6) in base 16?
2720
Convert a9c5 (base 13) to base 4.
11301210
Convert 22414 (base 10) to base 12.
10b7a
Convert -212113 (base 4) to base 9.
-3327
What is 13516 (base 12) in base 5?
1323113
-11000010 (base 2) to base 10
-194
3254 (base 7) to base 12
812
11 (base 9) to base 12
a
What is 4136 (base 14) in base 16?
2bd4
Convert -689 (base 11) to base 2.
-1100110111
-4147 (base 13) to base 3
-110100221
What is 2125 (base 9) in base 10?
1562
What is -22121 (base 3) in base 8?
-350
Convert 6355 (base 12) to base 7.
43451
What is 211012 (base 3) in base 9?
735
324402 (base 6) to base 8
64462
-5b4 (base 16) to base 15
-675
12103 (base 5) to base 2
1110000111
172 (base 11) to base 8
310
448 (base 10) to base 9
547
-3212120 (base 5) to base 13
-1b797
Convert -b711 (base 13) to base 2.
-110001100010100
Convert -1 (base 4) to base 16.
-1
-107043 (base 8) to base 6
-440243
What is -10100111100100 (base 2) in base 12?
-6258
What is 51212 (base 7) in base 13?
5891
Convert 608 (base 10) to base 3.
211112
What is -20302 (base 4) in base 6?
-2334
What is -2558 (base 14) in base 13?
-2c97
What is -42b (base 13) in base 14?
-38d
-3521 (base 8) to base 2
-11101010001
What is 162b9 (base 12) in base 14?
b6c5
Convert -51702 (base 10) to base 5.
-3123302
Convert -654 (base 8) to base 12.
-2b8
-6214 (base 7) to base 11
-16a0
4a1 (base 15) to base 16
41b
What is 2416 (base 7) in base 6?
4051
150405 (base 9) to base 10
92183
1889 (base 11) to base 8
4534
-55041 (base 9) to base 13
-137b9
-31523 (base 7) to base 13
-3728
Convert -112022110 (base 3) to base 13.
-4998
Convert 1001000000101111 (base 2) to base 4.
21000233
Convert 4424 (base 5) to base 7.
1535
20100202 (base 3) to base 15
1592
Convert -26310 (base 7) to base 14.
-27b0
2210 (base 4) to base 16
a4
What is 8861 (base 9) in base 16?
1987
Convert 41333 (base 5) to base 6.
20330
5b1 (base 14) to base 8
2157
Convert -1001000110 (base 2) to base 15.
-28c
-1a57 (base 15) to base 11
-4319
6984 (base 10) to base 15
2109
Convert 11745 (base 8) to base 4.
1033211
-95 (base 13) to base 10
-122
212310 (base 5) to base 7
30002
What is 724 (base 8) in base 12?
330
Convert 1a82 (base 13) to base 3.
12110220
-3446 (base 10) to base 16
-d76
Convert -221201 (base 3) to base 6.
-3114
-30221 (base 5) to base 12
-1154
-525 (base 7) to base 10
-264
32331 (base 4) to base 8
1675
Convert -1230040 (base 5) to base 14.
-893c
-129 (base 16) to base 13
-19b
What is 12345 (base 6) in base 10?
1865
Convert a0ad (base 14) to base 3.
1101211222
Convert -67b (base 12) to base 5.
-12314
What is 54674 (base 9) in base 10?
36274
Convert -2506 (base 9) to base 2.
-11101001101
Convert -6410 (base 9) to base 6.
-33443
25707 (base 8) to base 11
8469
254a (base 15) to base 14
2c77
Convert 30133 (base 4) to base 9.
1077
2344 (base 5) to base 10
349
What is -2261 (base 11) in base 12?
-1877
What is -99 (base 12) in base 16?
-75
What is 10252 (base 9) in base 8?
15162
What is 6de (base 16) in base 12?
1026
What is 1ae (base 16) in base 13?
271
-b405 (base 12) to base 11
-13799
Convert 111210211 (base 3) to base 10.
10066
26a1 (base 14) to base 10
6805
Convert 1414 (base 6) to base 11.
307
Convert -be99 (base 16) to base 6.
-1013521
110110000 (base 2) to base 16
1b0
Convert 54510 (base 9) to base 5.
2124020
What is -a99 (base 12) in base 7?
-4353
Convert -566 (base 7) to base 3.
-101212
-1110100101011010 (base 2) to base 5
-3402423
Convert -34 (base 12) to base 16.
-28
What is 1334224 (base 5) in base 2?
110101100101111
Convert 51 (base 6) to base 5.
111
Convert 1133303 (base 4) to base 11.
4674
-2231211 (base 4) to base 5
-323414
What is f7 (base 16) in base 13?
160
What is 422 (base 9) in base 5?
2334
What is 21002121 (base 3) in base 15?
17ed
What is 110001110110 (base 2) in base 8?
6166
-116 (base 7) to base 9
-68
-1001000000001 (base 2) to base 11
-3510
5a07 (base 11) to base 3
101210120
-2600 (base 7) to base 16
-3d4
What is -12104 (base 5) in base 12?
-634
What is 40c0 (base 13) in base 10?
8944
-3323310 (base 4) to base 3
-211002220
Convert -2200214 (base 5) to base 4.
-21022313
Convert 4057 (base 8) to base 13.
c52
What is -12001011 (base 3) in base 4?
-321130
-1110 (base 6) to base 4
-10002
What is 2000 (base 8) in base 16?
400
11100101111100 (base 2) to base 11
10069
e9 (base 15) to base 7
432
What is 1a34 (base 12) in base 7?
12232
20 (base 3) to base 14
6
Convert 12472 (base 9) to base 2.
10000011011000
What is 20303130 (base 4) in base 9?
54416
What is 4ff (base 16) in base 4?
103333
Convert 200210 (base 5) to base 4.
1202201
Convert -336 (base 10) to base 3.
-110110
-1944 (base 10) to base 2
-11110011000
What is 10331 (base 7) in base 13?
1229
What is 3413 (base 6) in base 9?
1080
What is 4464 (base 13) in base 6?
112110
-25706 (base 12) to base 4
-30132312
Convert -1100111000011100 (base 2) to base 14.
-1532c
Convert 10102210 (base 3) to base 16.
9c9
What is 238 (base 15) in base 14?
27d
What is -25043 (base 6) in base 16?
-e73
4232 (base 6) to base 2
1110111100
Convert 1431 (base 11) to base 4.
130321
-3218 (base 14) to base 3
-102212020
What is 192 (base 13) in base 4?
10200
3003302 (base 4) to base 10
12530
Convert 3167 (base 9) to base 12.
1421
Convert -545 (base 6) to base 11.
-180
Convert 3ef (base 16) to base 5.
13012
What is -1001001101101 (base 2) in base 14?
-1a0d
What is 12201 (base 4) in base 13?
261
Convert 14410 (base 7) to base 15.
12a1
Convert -3b1 (base 12) to base 16.
-235
What is 46b (base 15) in base 4?
33221
What is 32510 (base 12) in base 3?
10101002010
-4349 (base 11) to base 8
-13154
Convert 1c445 (base 14) to base 10.
72189
Convert c9 (base 15) to base 13.
117
What is 1010010 (base 4) in base 5?
114411
What is -11010011101000 (base 2) in base 7?
-54326
324 (base 7) to base 5
1130
Convert -2614 (base 7) to base 4.
-33133
What is -9290 (base 10) in base 13?
-42c8
-10042 (base 7) to base 8
-4577
Convert c2d4 (base 14) to base 15.
9ddb
Convert -2e6b (base 16) 